rue
Is 141649 a composite number?
False
Is 36943 a prime number?
True
Is 13259 composite?
False
Is 1125263 composite?
True
Is 54101 a composite number?
False
Is 19373 a composite number?
False
Is 44537 prime?
True
Is 950709 prime?
False
Is 1181 a composite number?
False
Is 619657 composite?
False
Is 159721 a composite number?
False
Is 23651 composite?
True
Is 1361 a composite number?
False
Is 746517 a composite number?
True
Is 2176591 a composite number?
False
Is 2734967 a prime number?
True
Is 445789 prime?
True
Is 8741 a composite number?
False
Is 3259 prime?
True
Is 487 a composite number?
False
Is 477853 composite?
True
Is 5207 a prime number?
False
Is 2459 a composite number?
False
Is 58889 prime?
True
Is 130903 composite?
True
Is 104161 a prime number?
True
Is 54658 prime?
False
Is 33107 prime?
True
Is 3491 a prime number?
True
Is 14797 composite?
False
Is 61253 prime?
True
Is 20409 a prime number?
False
Is 7103 composite?
False
Is 18427 a prime number?
True
Is 2977 prime?
False
Is 7177 a prime number?
True
Is 633559 prime?
True
Is 35363 a composite number?
False
Is 4889 prime?
True
Is 11003 composite?
False
Is 40505 prime?
False
Is 144961 a prime number?
True
Is 1733 a prime number?
True
Is 31531 a prime number?
True
Is 945851 composite?
False
Is 435327 composite?
True
Is 5051 prime?
True
Is 168117 prime?
False
Is 116833 composite?
False
Is 11549 prime?
True
Is 105998 a prime number?
False
Is 3935 a prime number?
False
Is 627593 a prime number?
True
Is 1257 composite?
True
Is 24317 prime?
True
Is 3389 a composite number?
False
Is 456277 a composite number?
True
Is 75238 a prime number?
False
Is 15117 a composite number?
True
Is 213581 prime?
False
Is 428477 a composite number?
True
Is 49727 composite?
False
Is 6349 composite?
True
Is 3836623 a composite number?
True
Is 253733 a composite number?
False
Is 1141 composite?
True
Is 53861 composite?
False
Is 18215 a composite number?
True
Is 52757 prime?
True
Is 338633 prime?
False
Is 3617533 prime?
True
Is 16649 a prime number?
True
Is 147277 prime?
False
Is 1892749 prime?
True
Is 1900999 a composite number?
True
Is 26083 a composite number?
False
Is 262621 a prime number?
True
Is 680474 a composite number?
True
Is 29333 a prime number?
True
Is 60209 composite?
False
Is 8871 prime?
False
Is 29753 a prime number?
True
Is 663677 composite?
True
Is 77677 a composite number?
True
Is 13829 composite?
False
Is 2771 composite?
True
Is 135017 a prime number?
True
Is 80309 a composite number?
False
Is 11787 a prime number?
False
Is 1031287 composite?
True
Is 213713 a composite number?
False
Is 24611 prime?
True
Is 768953 a prime number?
True
Is 1027 composite?
True
Is 3491 composite?
False
Is 3947 prime?
True
Is 4759 a composite number?
False
Is 407287 composite?
False
Is 9767 a prime number?
True
Is 8501 a prime number?
True
Is 2521 a prime number?
True
Is 4426 a prime number?
False
Is 21139 a composite number?
False
Is 62209 prime?
False
Is 2461 composite?
True
Is 14783 composite?
False
Is 46747 prime?
True
Is 24715 composite?
True
Is 2731 a prime number?
True
Is 4847 a composite number?
True
Is 191413 a composite number?
False
Is 605837 a composite number?
False
Is 68317 prime?
False
Is 14439 prime?
False
Is 189077 prime?
False
Is 2081 a prime number?
True
Is 89933 a prime number?
False
Is 158029 a composite number?
False
Is 6079 a composite number?
False
Is 19583 a prime number?
True
Is 770437 a composite number?
False
Is 10601 composite?
False
Is 4417 composite?
True
Is 244063 composite?
True
Is 41161 a composite number?
False
Is 17326 a prime number?
False
Is 346 prime?
False
Is 28123 a composite number?
False
Is 1312391 prime?
True
Is 7207 composite?
False
Is 100693 composite?
False
Is 521 a composite number?
False
Is 4127 prime?
True
Is 667 prime?
False
Is 328981 a prime number?
True
Is 6731 a composite number?
True
Is 499853 a prime number?
True
Is 56857 a prime number?
True
Is 213589 composite?
False
Is 2005 a prime number?
False
Is 433033 a prime number?
True
Is 1769 composite?
True
Is 32999 composite?
False
Is 26339 a composite number?
False
Is 50261 prime?
True
Is 16493 a prime number?
True
Is 711411 prime?
False
Is 61991 a composite number?
False
Is 30869 composite?
False
Is 567209 a prime number?
True
Is 7184495 a composite number?
True
Is 85747 prime?
False
Is 81281 a composite number?
False
Is 15929 a composite number?
True
Is 1695233 a prime number?
True
Is 1191637 composite?
False
Is 47191 a prime number?
False
Is 2609067 composite?
True
Is 551 a composite number?
True
Is 9103 a composite number?
False
Is 114053 prime?
False
Is 11729 composite?
True
Is 100741 a prime number?
True
Is 753 a prime number?
False
Is 3973 a prime number?
False
Is 589273 a composite number?
False
Is 55037 a prime number?
False
Is 77177 a composite number?
True
Is 430349 a prime number?
False
Is 886989 composite?
True
Is 564299 a composite number?
False
Is 1401121 a prime number?
False
Is 87695 a composite number?
True
Is 5316253 prime?
True
Is 1671 composite?
True
Is 24493 composite?
True
Is 708421 a prime number?
False
Is 5079 prime?
False
Is 62027 composite?
True
Is 3433 composite?
False
Is 137179 a composite number?
True
Is 9229 a prime number?
False
Is 23357 a prime number?
True
Is 120605 composite?
True
Is 118487 composite?
True
Is 127039 a composite number?
True
Is 3989 composite?
False
Is 405373 prime?
True
Is 48973 composite?
False
Is 68473 prime?
True
Is 5623 prime?
True
Is 1801 prime?
True
Is 335917 prime?
True
Is 8341 composite?
True
Is 3151 prime?
False
Is 794531 composite?
False
Is 48589 prime?
True
Is 859553 composite?
False
Is 15859 composite?
False
Is 76579 a prime number?
True
Is 193693 a composite number?
True
Is 76961 composite?
False
Is 26921 a prime number?
True
Is 451445 a prime number?
False
Is 583127 prime?
True
Is 2366831 composite?
False
Is 11789 a composite number?
False
Is 31235 a composite number?
True
Is 41867 a composite number?
True
Is 16594 prime?
False
Is 33709 a prime number?
False
Is 12713 a prime number?
True
Is 2413 composite?
True
Is 71471 a composite number?
False
Is 15161 composite?
False
Is 380753 a composite number?
False
Is 2941 a composite number?
True
Is 1346077 prime?
False
Is 534902 composite?
True
Is 130443 prime?
False
Is 33038 a composite number?
True
Is 6449 composite?
False
Is 492263 a prime number?
False
Is 49953 composite?
True
Is 1401591 a prime number?
False
Is 3209 a composite number?
False
Is 897601 a prime number?
True
Is 41653 prime?
False
Is 2386051 a composite number?
False
Is 181001 a composite number?
False
Is 121763 composite?
False
Is 35863 a prime number?
True
Is 33529 a composite number?
False
Is 373903 a prime number?
True
Is 9811 composite?
False
Is 84481 a composite number?
False
Is 20469 a composite number?
True
Is 234229 composite?
True
Is 793 a prime number?
False
Is 684157 composite?
False
Is 2053063 prime?
True
Is 40231 a prime number?
True
Is 73847 prime?
True
Is 162257 a composite number?
False
Is 31309 composite?
True
Is 3526583 a composite number?
False
Is 123157 a composite number?
True
Is 42754 prime?
False
Is 119219 prime?
False
Is 490561 prime?
False
Is 2995 a prime number?
False
Is 4637 composite?
False
Is 34253 a composite number?
False
Is 14267 composite?
True
Is 236173 composite?
True
Is 47335 a prime number?
False
Is 8061 prime?
False
Is 2962 a prime number?
False
Is 2614 composite?
True
Is 182411 composite?
True
Is 221773 composite?
False
Is 5666 prime?
False
Is 1693 prime?
True
Is 1543 a composite number?
False
Is 1305637 composite?
False
Is 170629 a composite number?
True
Is 4741 prime?
False
Is 4823503 prime?
False
Is 959083 a prime number?
True
Is 256643 composite?
False
Is 1087687 prime?
True
Is 718897 prime?
True
Is 5333 a composite number?
False
Is 649273 composite?
False
Is 34211 prime?
True
Is 335999 a prime number?
True
Is 8101 prime?
True
Is 164914 composite?
True
Is 188693 prime?
True
Is 66113 composite?
True
Is 1529741 composite?
False
Is 24293 a prime number?
False
Is 787 prime?
True
Is 147689 a prime number?
True
Is 83813 prime?
True
Is 51217 a composite number?
False
Is 190163 prime?
False
Is 38543 a composite number?
False
Is 8191 composite?
False
Is 583991 composite?
False
Is 21713 prime?
Tru